021 prime?
True
Is 25331 a composite number?
True
Is 112667 composite?
True
Is 471021 a composite number?
True
Is 2039 composite?
False
Is 159821 composite?
True
Is 809 a composite number?
False
Is 470863 composite?
False
Is 686417 a composite number?
False
Is 15073 prime?
True
Is 9133 a composite number?
False
Is 1300197 prime?
False
Is 628673 composite?
False
Is 167285 composite?
True
Is 1237949 prime?
True
Is 68329 composite?
False
Is 58469 a composite number?
True
Is 249563 composite?
False
Is 18391 a composite number?
True
Is 1402589 composite?
False
Is 19709 prime?
True
Is 4777 a composite number?
True
Is 599 prime?
True
Is 48163 a composite number?
False
Is 170219 prime?
False
Is 2627473 prime?
True
Is 98123 prime?
True
Is 1797639 a composite number?
True
Is 1059359 composite?
True
Is 342037 composite?
False
Is 1268911 a prime number?
False
Is 84343 composite?
True
Is 112831 composite?
False
Is 244907 composite?
True
Is 64057 a composite number?
True
Is 53527 prime?
True
Is 138857 a composite number?
True
Is 5317 prime?
False
Is 43513 a composite number?
True
Is 9133 a composite number?
False
Is 42979 a prime number?
True
Is 63977 a prime number?
True
Is 36833 composite?
False
Is 10771 prime?
True
Is 46651 prime?
False
Is 7907 composite?
False
Is 156569 a prime number?
False
Is 287137 composite?
False
Is 17267 prime?
False
Is 135091 a composite number?
True
Is 494671 a composite number?
False
Is 15005 a prime number?
False
Is 21577 prime?
True
Is 74063 prime?
False
Is 31303 a composite number?
True
Is 250123 a prime number?
True
Is 3777 a prime number?
False
Is 30893 composite?
False
Is 8137 a prime number?
False
Is 1465 composite?
True
Is 34583 a prime number?
True
Is 1141507 a prime number?
True
Is 18089 a prime number?
True
Is 107053 composite?
False
Is 8691 a composite number?
True
Is 5507 a prime number?
True
Is 23741 prime?
True
Is 3334043 a prime number?
False
Is 49561 composite?
True
Is 186227 prime?
True
Is 273767 composite?
True
Is 11257 prime?
True
Is 47189 composite?
False
Is 74071 composite?
False
Is 24653 a prime number?
False
Is 22569 prime?
False
Is 4637 composite?
False
Is 5331 prime?
False
Is 5926 a prime number?
False
Is 20849 prime?
True
Is 839 a prime number?
True
Is 29357 composite?
True
Is 28363 a composite number?
True
Is 769631 a prime number?
False
Is 825191 composite?
False
Is 220789 composite?
False
Is 12989 a composite number?
True
Is 329 a composite number?
True
Is 72955 a composite number?
True
Is 31087 a prime number?
False
Is 41119 a prime number?
False
Is 273601 composite?
False
Is 533443 a composite number?
True
Is 4897 prime?
False
Is 261955 prime?
False
Is 50665 prime?
False
Is 389399 a composite number?
False
Is 71233 composite?
False
Is 11993 a prime number?
False
Is 104771 a composite number?
True
Is 397673 composite?
False
Is 12223 prime?
False
Is 23071 prime?
True
Is 1328447 composite?
False
Is 65818 a prime number?
False
Is 1003 composite?
True
Is 129953 composite?
False
Is 1657 a composite number?
False
Is 176667 composite?
True
Is 404033 a composite number?
True
Is 23437 composite?
True
Is 9923 composite?
False
Is 7747 composite?
True
Is 79967 a prime number?
True
Is 4111 prime?
True
Is 1384187 composite?
True
Is 919 composite?
False
Is 422633 a composite number?
True
Is 37709 prime?
False
Is 4193 a prime number?
False
Is 47033 prime?
False
Is 550717 composite?
False
Is 176555 a prime number?
False
Is 167861 prime?
True
Is 28999 a prime number?
False
Is 8659 prime?
False
Is 10331 a composite number?
False
Is 9431 a prime number?
True
Is 145141 composite?
True
Is 62819 a prime number?
True
Is 50177 prime?
True
Is 396097 a prime number?
False
Is 16841 composite?
True
Is 1501 prime?
False
Is 3163 a composite number?
False
Is 638303 a composite number?
False
Is 36871 a prime number?
True
Is 1193107 prime?
True
Is 63113 prime?
True
Is 7663 a composite number?
True
Is 1286483 composite?
True
Is 39743 a composite number?
True
Is 108743 composite?
True
Is 13847 a prime number?
False
Is 22403 a composite number?
True
Is 183361 a prime number?
True
Is 294383 composite?
False
Is 689 a composite number?
True
Is 10391 prime?
True
Is 6007 prime?
True
Is 66517 a prime number?
False
Is 38879 a prime number?
False
Is 2081 prime?
True
Is 13227 composite?
True
Is 34693 prime?
True
Is 7121 prime?
True
Is 1451569 prime?
False
Is 2043703 composite?
False
Is 10007 a composite number?
False
Is 5909 prime?
False
Is 54347 composite?
False
Is 2951 a prime number?
False
Is 173155 a composite number?
True
Is 50359 a composite number?
False
Is 150041 composite?
False
Is 23941 a composite number?
True
Is 109 a prime number?
True
Is 59027 composite?
True
Is 3364565 a prime number?
False
Is 286999 a composite number?
False
Is 94409 composite?
True
Is 49835 prime?
False
Is 65671 a prime number?
False
Is 753547 a prime number?
True
Is 25295 a prime number?
False
Is 2305 a prime number?
False
Is 266155 a composite number?
True
Is 25581 a composite number?
True
Is 70795 composite?
True
Is 823181 prime?
False
Is 214039 a composite number?
True
Is 44539 prime?
False
Is 984589 prime?
False
Is 227827 composite?
False
Is 11707 a composite number?
True
Is 63677 composite?
True
Is 3647 a composite number?
True
Is 156473 composite?
True
Is 13466 prime?
False
Is 350309 a composite number?
True
Is 281769 a prime number?
False
Is 238871 composite?
True
Is 1344907 composite?
False
Is 14815 a composite number?
True
Is 4511 a composite number?
True
Is 341143 a composite number?
True
Is 356953 a composite number?
True
Is 62297 composite?
False
Is 130859 a composite number?
False
Is 99989 a composite number?
False
Is 213177 a composite number?
True
Is 18583 a composite number?
False
Is 5674 composite?
True
Is 28081 composite?
False
Is 46559 composite?
False
Is 4703 composite?
False
Is 64439 a prime number?
True
Is 80499 composite?
True
Is 20569 a composite number?
True
Is 564793 a prime number?
True
Is 364522 a prime number?
False
Is 2487994 composite?
True
Is 312311 prime?
True
Is 5533 a composite number?
True
Is 31469 a composite number?
False
Is 7295 a composite number?
True
Is 3053101 composite?
False
Is 1259 a composite number?
False
Is 1823 composite?
False
Is 757 a prime number?
True
Is 1061 composite?
False
Is 349285 prime?
False
Is 23467 a prime number?
False
Is 191779 a prime number?
False
Is 20011 a composite number?
False
Is 836841 composite?
True
Is 428093 prime?
True
Is 27597 composite?
True
Is 2609 composite?
False
Is 128126 composite?
True
Is 1471 a composite number?
False
Is 2982443 prime?
True
Is 41254 a prime number?
False
Is 762101 composite?
False
Is 5989 composite?
True
Is 31359 composite?
True
Is 1330751 composite?
False
Is 3457 prime?
True
Is 346639 a composite number?
False
Is 189109 composite?
True
Is 32339 prime?
False
Is 92107 composite?
False
Is 997 prime?
True
Is 155147 a prime number?
False
Is 2563 prime?
False
Is 8491 composite?
True
Is 25045 a prime number?
False
Is 441118 a composite number?
True
Is 355711 a prime number?
False
Is 83311 a prime number?
True
Is 443117 a prime number?
True
Is 334423 composite?
False
Is 45817 prime?
True
Is 16909 a composite number?
True
Is 801769 prime?
False
Is 155131 prime?
False
Is 265861 prime?
True
Is 33923 a composite number?
False
Is 3079 a prime number?
True
Is 918617 a composite number?
True
Is 37039 a prime number?
True
Is 74435 composite?
True
Is 1126511 a prime number?
False
Is 115163 a prime number?
True
Is 16487 a prime number?
True
Is 164278 a composite number?
True
Is 28991 a composite number?
True
Is 211039 a prime number?
True
Is 22067 a prime number?
True
Is 1693 a prime number?
True
Is 5623 a composite number?
False
Is 533747 prime?
True
Is 27883 a prime number?
True
Is 32311 prime?
False
Is 5452961 composite?
False
Is 113389 a composite number?
True
Is 54745 a prime number?
False
Is 79795 a composite number?
True
Is 403127 composite?
True
Is 887 a prime number?
True
Is 6187 prime?
False
Is 4863181 a composite number?
True
Is 24117 a composite number?
True
Is 1537663 a prime number?
False
Is 23189 a prime number?
True
Is 2994413 prime?
True
Is 1693 a prime number?
True
Is 86161 prime?
True
Is 12091 a composite number?
True
Is 945187 a composite number?
Tr